 9 = 0. Let j be n(b). Suppose h - 19 = 2*f, f = -0*h + 5*h - j. Does 13 divide h?
True
Let j(f) = -f**2 - 11*f - 10. Let z be j(-10). Suppose z*q - 5*q = -195. Is q a multiple of 15?
False
Is 14 a factor of 1/(-2 + (-116)/(-56))?
True
Let v(t) = -9*t + 3. Is 19 a factor of v(-6)?
True
Suppose -5*u - 3*l = -69, 5*l - 57 = -4*u - 7. Suppose 4*i = -0*i - 3*g + u, -4*g = -4. Is 15 a factor of (-40)/i*(-1 - 2)?
False
Let d(r) = -r + 0 - 2 + 0*r. Let m be d(-3). Suppose -5*h + 124 + m = 0. Is h a multiple of 11?
False
Is ((-1107)/(-5) - 1) + (-158)/395 a multiple of 22?
True
Does 20 divide (6 + -148)*(2 + -3)?
False
Suppose 721 = 8*t + 25. Is 29 a factor of t?
True
Let p(v) = -v**3 + 2*v**2 - 5. Let l be p(3). Let q = l - -36. Does 11 divide q?
True
Let q(b) = 2*b - 3. Let y be q(2). Let j = -1 + y. Suppose 0*g - 2*g + 27 = -m, -3*g - 4*m + 46 = j. Is g a multiple of 6?
False
Suppose 36 - 12 = 2*d. Let l = d - 7. Is l a multiple of 5?
True
Let x(z) = 8*z + 7. Is 17 a factor of x(8)?
False
Let w(r) = -4*r**2. Let l be w(-1). Let t be (l/3 + 1)*-78. Let v = -13 + t. Is 11 a factor of v?
False
Suppose -3*m - 26 = 2*z - 11, -5*m - 25 = 4*z. Suppose w + 5 - 19 = z. Suppose -4*f + 28 = 3*p - 2*f, 3*p - 5*f = w. Does 6 divide p?
False
Let m = -7 - -10. Suppose -3*r = -5*c + 213, 2*r + 132 - 4 = m*c. Is 18 a factor of c?
False
Suppose 0 = -9*z + 300 + 69. Does 12 divide z?
False
Let b(z) = -z**3 - 7*z**2 + 12*z. Is b(-11) a multiple of 54?
False
Suppose -10*x + 14*x - 104 = 0. Does 11 divide x?
False
Suppose 6*z + 4*z = 3530. Does 23 divide z?
False
Let j be (0 + -1)/((-1)/4). Suppose y = 3*y - 8. Suppose 3*o = 5*p - o - 138, y*p = j*o + 108. Is p a multiple of 10?
True
Let v be (-2)/(1 + 14/(-10)). Suppose 4*u - v - 3 = 0. Suppose u*b = 17 + 1. Does 9 divide b?
True
Suppose 3*f + 4 = -2. Let k be -1 + -2 + (-38)/f. Does 12 divide 0 + (k - (4 + -2))?
False
Let u be -2*1 + 4 - 2. Suppose -4*j + u*j = -164. Is j a multiple of 16?
False
Let g(o) = o + 1. Let l be g(2). Let y = 3 + l. Is y a multiple of 4?
False
Let p = -3 + 3. Suppose 0 = u + u + 2*j - 24, p = u + 2*j - 8. Does 8 divide u?
True
Let j = 6 + -3. Suppose -v - 2 = -6. Is 5 a factor of 1*v - (j + -5)?
False
Suppose 3*l - 2 = l. Let y be 550/(-8) + l/(-4). Let x = y - -118. Does 17 divide x?
False
Suppose 0 = -2*y - 2*n + 258, -2*y - 2*n + 255 = -3*n. Does 24 divide y?
False
Let g(w) = -4*w - 8. Let j be g(-7). Let y = j + -3. Does 17 divide y?
True
Let p be 2 - 5*(2 + -1). Let j = 0 - p. Suppose -l = -j*l + 80. Is l a multiple of 22?
False
Is 14 a factor of -4*(26/(-4) - -3)?
True
Let s be 6/(-15) - 23/5. Let r(f) = -f + 3. Let i be r(s). Let m(a) = a**3 - 9*a**2 + 11*a + 2. Does 13 divide m(i)?
True
Let v(y) = -9*y**3 - 14 + 2*y + 8*y**3 - 2*y**2 + 12*y**2. Let k be v(10). Suppose k*u - 128 = 2*u. Is u a multiple of 16?
True
Let b(o) = o**2 + 9*o - 12. Let c be b(-10). Is 12 a factor of 708/30 + c/(-5)?
True
Let y be (4 + -2 - 4)/(-1). Let a be (28/6)/(y/(-9)). Let v = -10 - a. Is 11 a factor of v?
True
Let q(s) be the first derivative of 13*s**2 - s - 1. Does 10 divide q(1)?
False
Let k(h) be the third derivative of 1/8*h**4 + 0*h - 3*h**2 - 7/3*h**3 + 0. Is k(10) a multiple of 8?
True
Let b(k) = 6*k**2 + 2*k - 2. Let l(c) = 5*c**2 + c - 1. Let r(p) = -4*b(p) + 5*l(p). Does 12 divide r(7)?
False
Suppose 0 = -2*f - 4*l + 112, -2*f + 3*l = f - 186. Suppose 4*s - 2*p - 50 = 0, -6*s + s + f = -3*p. Is 5 a factor of s?
True
Let i(m) be the third derivative of -m**6/120 - m**5/6 - 13*m**4/24 - 2*m**3 - 3*m**2. Is 12 a factor of i(-9)?
True
Let k(b) = -3*b - 1. Let g be k(-1). Let f(l) = 6*l - 1. Is 5 a factor of f(g)?
False
Let n(m) = 10*m + 2. Does 7 divide n(3)?
False
Let f(q) = 26*q**2 + q + 2. Is f(-1) a multiple of 9?
True
Suppose -2*o + 6 = o. Let w = o + -40. Is 3 a factor of (-3)/9 - w/6?
True
Let d be -1 - (-4)/((-8)/(-442)). Let p be (d - 2)/(1 - -1). Is 12 a factor of 1/(-3) + p/3?
True
Let s = 169 - 102. Suppose -5*b = c - 3*b - 23, -3*b - s = -2*c. Is c a multiple of 14?
False
Suppose -8*d = -880 + 336. Is 7 a factor of d?
False
Let z(o) be the third derivative of o**6/120 + 2*o**5/15 + o**4/4 + 5*o**3/6 - 6*o**2. Suppose -2*r = 2*m + 5 + 13, 0 = 5*r + m + 37. Is 12 a factor of z(r)?
True
Suppose -4*m = -3*m + 4. Is (-295)/(-10) - (-2)/m a multiple of 6?
False
Suppose 0 = -v + 2*v + w - 124, 228 = 2*v - 3*w. Is 37 a factor of v?
False
Let r(f) = -f**2 - 11*f + 4. Let t be r(-11). Let o(j) = 2*j. Let y be o(t). Let c = y - 3. Is c a multiple of 4?
False
Let l(n) = 48*n + 8. Let p be l(6). Is p/10 + (-10)/(-25) a multiple of 17?
False
Let q be 26/6 - 2/(-3). Let s(a) = a - 7. Let i be s(7). Suppose i = q*k - 10*k + 10. Is 2 a factor of k?
True
Let y be 2*62*2/8. Suppose y - 7 = 4*x. Suppose x*m - 38 = -5*r + 3*m, -8 = -2*r - 3*m. Is 5 a factor of r?
True
Let a(l) = -l**2 + 13*l. Let t be a(12). Suppose -81 = h - 3*h - f, 0 = -4*f + t. Is h a multiple of 13?
True
Suppose -3*t + 0 + 9 = 0. Let w = t - -2. Suppose w*r + 7 = 37. Is r a multiple of 6?
True
Suppose 0 = z + 2*z - 3. Let s = z + 3. Suppose -81 = -s*n + 3. Is 18 a factor of n?
False
Let z(h) = -h**3 + 7*h**2 - 4*h - 2. Let q(l) = l**3 - 4*l**2 - 5*l + 1. Let v be q(5). Let r = 5 + v. Does 10 divide z(r)?
True
Suppose 3*g - 16 = -5*d + 14, 4*g - 5 = 5*d. Suppose 0*w + 40 = g*w. Let f(p) = p**2 - 7*p + 10. Is f(w) a multiple of 6?
True
Suppose 5*d + x - 12 = 0, -5*x - 4 = 11. Let j be (-2 + -2)*-1 - d. Is 17 a factor of 25 + (1 - j) + 1?
False
Let s(m) = -m**3 - m**2 - 1. Let q be s(-2). Is (-1 - 62 - q)/(-2) a multiple of 11?
True
Let m = 58 + -28. Does 6 divide m?
True
Let b(j) be the third derivative of -23*j**4/24 - j**3/3 + 2*j**2. Let m be b(-3). Let f = m - 40. Is 11 a factor of f?
False
Let w = -11 - -20. Let h = 11 - w. Is h a multiple of 2?
True
Let z = -19 + 96. Is z/(-21)*(0 - 3) a multiple of 11?
True
Suppose 0 = -5*p - 354 - 221. Let u = p - -177. Is u a multiple of 23?
False
Suppose 4*d - 2*u = u + 125, -4*d + 5*u + 123 = 0. Let i = d + -20. Is 6 a factor of i?
True
Suppose 2*o + 18 = 3*x, 0 = 3*o + 2*o. Let j(h) = -70*h - 4. Let w be j(3). Is 9 a factor of x/(-15) - w/10?
False
Let x = 3 + 3. Is 7 a factor of 24/(-16)*(-28)/x?
True
Suppose -p + 10*l = 5*l + 24, -5*l - 30 = 5*p. Let m = p - -18. Is m a multiple of 3?
True
Suppose -4*g + 660 = g. Is 9 a factor of 5/((-80)/g)*-4?
False
Suppose 0 = 2*k + 3*u - 36, 4*k - u = -k + 56. Suppose -4*b + k + 52 = 0. Does 16 divide b?
True
Let h(s) = -6 + 2*s + 0*s + 2. Let d = 1 - -4. Is h(d) a multiple of 6?
True
Let x = -23 + 74. Suppose 5*k - x = -4*f, -4*f + 4*k + 27 = k. Does 3 divide f?
True
Let m = 73 - 18. Is 7 a factor of m?
False
Let r be (-20)/(-4) + 1*-2. Let w = r - -1. Suppose y + 4*l = 15, 0 = y - 2*l - 11 - w. Is 15 a factor of y?
True
Is 2 - (4 - 0) - 71*-3 a multiple of 36?
False
Let a = -44 + 66. Does 22 divide a?
True
Suppose 0*a - 2*a + 66 = -c, 3*c + 28 = a. Does 17 divide a?
True
Let r(j) = 0*j + 0 + j**3 + 4*j**2 - 2 + 7 - 2*j. Is 13 a factor of r(-4)?
True
Suppose -5*j - 3 = -4*j. Let f(c) be the second derivative of c**4/6 - 2*c**2 + c. Is 7 a factor of f(j)?
True
Let a be (0/(-1))/(-21 + 20). Let b(z) = 2*z**2 - 4*z + 2. Let f be b(2). Suppose 4*p - 2*w - 15 - 29 = a, -w + 26 = f*p. Is p a multiple of 6?
True
Let p = 110 - 53. Is p a multiple of 19?
True
Suppose -8*r = -5*r - 480. Does 30 divide r?
False
Let s(y) = -y**2 - 29*y - 49. Does 21 divide s(-22)?
True
Let m(y) = -y**3 - 7*y**2 + 8*y - 7. Let s be m(-8). Let f = s + 11. Is f even?
True
Let s(u) = 2*u**3 - 5*u**2 + 9*u - 2. Is 16 a factor of s(4)?
False
Let h(v) = -2*v - 12. Let u be h(-8). Suppose 2*s - 10 + 2 = 0. Suppose 2*q + 4*x = -u, q - s*x - 28 = -0*x. Is 8 a factor of q?
True
Let f(o) = 4*o + 2. Let m be f(-5). Let s = m + 9. Is 8 a factor of (-69)/s - 3/(-9)?
True
Let o(y) = -8*y - 21. Is 31 a factor of o(-18)?
False
Does 40 divide (132/15 + 0)/((-6)/(-195))?
False
Let q = 21 - 18. Let i = q - -2. Is i a multiple of 4?
False
Let w = 71 + -27. Suppose w = h + h. Is 11 a factor of h?
True
Suppose -2*a + 3*a - 20 = 0. Suppose -6 = 2*d, 3*x - x - 2*d = a. Is 7 a factor of x?
True
Suppose -y + 5*y = -u - 55, -4*u - 66 = 5*y. Is 5 a factor of (14/4)/(y/(-28))?
False
Let s(f) = f**3 - 2*